t i(o) = -3*c(o) - u(o). What is i(2)?
-1
Let w(l) = 7*l**2 - 2*l - 1. Let a = -4 + 3. Calculate w(a).
8
Suppose 0 = -4*p + 2*f - 2, 0 = 5*p + f - 4*f + 3. Let r = p - 2. Let g(z) = -6 + 18 - 10 + 4*z + 5*z**2 + z**3. Calculate g(r).
6
Let p(u) = u**3 - 3*u**2 - 4*u - 4. Let h be ((-16)/(-14))/(22/77). What is p(h)?
-4
Suppose 3*u - 5 = f - 3, -3*f - 3*u = -30. Let y(t) = 16*t - 7*t + 0 + 1 - f*t. What is y(1)?
3
Let k(l) = 0*l**3 + 3 + l - 4*l + l**3 + 2*l**2. Let p = 3 - 1. Suppose -p*d + d = 3. Determine k(d).
3
Suppose -2*s - 3 = 4*g + 1, 4*s - 5*g - 18 = 0. Let j(d) be the first derivative of -1/3*d**3 - 3*d**2 - 3*d + s. What is j(-2)?
5
Let s = 12 - 7. Let x(c) be the second derivative of c**5/120 + c**4/24 - c**3/3 - c. Let u(t) be the second derivative of x(t). Calculate u(s).
6
Suppose -5*c - x = 4*x + 40, 0 = -c + 3*x. Let j be (-20)/c - (-14)/21. Let s(q) = -q**2 + 3*q + 4. What is s(j)?
0
Let i(z) = -z**2 - 1. Let u(o) = o**3 + 2*o**2 - o + 10. Let x be 2*(-9)/24*-4. Let f(h) = x*i(h) + u(h). Suppose -2*k = k. Calculate f(k).
7
Let n(v) = 5*v + 4. Let d(t) = 4*t + 5. Let x(f) = 6*d(f) - 5*n(f). Give x(7).
3
Let f = -1 + 2. Let y be 2 + 4/(16/4). Let m(o) = 3*o**2 + o**y + f - 1 + o - 2*o**2. Determine m(-1).
-1
Let a(i) = i - 7. Let q = 2 + 2. Give a(q).
-3
Let p(s) be the third derivative of -s**7/630 - s**6/720 - s**5/120 - s**4/12 - s**2. Let j(o) be the second derivative of p(o). Give j(-1).
-4
Let w(r) = 9 + 5*r**2 - 4 - 2*r - 2*r - r**3. Let t(j) = 4*j - 28. Let q be t(8). What is w(q)?
5
Suppose -3*q = q - 12. Suppose b + 4*b - 15 = 0. Let t(v) = v + 2*v + 1 - v**2 - b. What is t(q)?
-2
Let x(t) = t + 7. Let k be (1 + -4)*2/(-2). Let o be 2/(-6) + (-11)/k. Give x(o).
3
Let y(b) = -b**3 + b**2 + 2*b. Let l be y(2). Suppose 0 = 5*m + 15, l = 2*w + w + 5*m + 12. Let g(u) = -5*u - 1. Give g(w).
-6
Let r = -71 + 39. Let y be r/6 + (-1)/(-3). Let m(g) = g**2 + 4*g - 2. Give m(y).
3
Let s(r) = 7*r**2 + 3*r + 1. Suppose -1 = -6*u - 13. Give s(u).
23
Let w(x) = x**3 - 4*x**2 - x + 3. Let k(r) = r**3 - 2*r + 1. Let d be k(1). Let u(t) = 3*t**3 - 1. Let v be u(1). Suppose v*h + 2*h - 16 = d. Give w(h).
-1
Let b(k) = -11*k + 2. Let n(u) = 12*u - 3. Let r(m) = 3*b(m) + 2*n(m). Give r(1).
-9
Let s be (-8)/(-3 + -1)*2. Suppose 9 = -l - s*f + f, -l - f - 1 = 0. Let u(v) = v - 5. Determine u(l).
-2
Let b(q) = q + 1. Let u(t) = 4*t - 6. Let r = 7 - 6. Let k(i) = r*b(i) - u(i). Determine k(5).
-8
Suppose 0 = -0*j + 3*j + 24. Let g = j - -13. Let h(c) be the second derivative of c**3/6 - c**2 - 2*c. What is h(g)?
3
Let r = -26 + 17. Let w = r - -4. Let i(j) = -2*j - 2. Determine i(w).
8
Let z(u) be the third derivative of -u**8/840 + u**4/24 - 3*u**2. Let p(n) be the second derivative of z(n). Determine p(-1).
8
Let n(j) = -5*j**3 - j**2 + j. Let o(x) = x + 2. Let r be o(-3). Let z be -3*(r/(-3))/(-1). Calculate n(z).
-5
Let x(j) = j**3 - 7*j**2 + 6*j. Let t be (-1)/(-3)*9 - -3. Determine x(t).
0
Suppose g - 12 = -0*g. Let u be -2*3/(g/(-34)). Let f = -12 + u. Let l(k) = -k**3 + 5*k**2 + k + 1. What is l(f)?
6
Let o be (-102)/(-14) - (-10)/(-35). Let u(t) be the first derivative of -t**3/3 + 3*t**2 + 8*t + 5. Give u(o).
1
Let n be 2*((-7)/2 + 4). Let h(r) = -10*r + 1. Give h(n).
-9
Let a = 7 + -4. Let r(b) = a*b - 2*b**2 - 1 + 0*b**2 + 3*b**2. Let i be r(-3). Let q(h) = -9*h + 1. What is q(i)?
10
Let k(s) be the second derivative of s**2 - s - s**3 + 0 + 1/20*s**5 - 5/12*s**4. Calculate k(6).
2
Let g(w) = w**2 - 2*w - 4. Let d be 12/3*(-1 + -3)/(-4). What is g(d)?
4
Suppose -4*l - 3*j - 14 = 0, j + 0 - 22 = 4*l. Let d(i) = 22 - 15 + 3*i - 12. Let o(r) = -r + 2. Let z(u) = l*o(u) - 2*d(u). What is z(-6)?
6
Let w(i) = 3*i - 3. Let d(y) = 1 - 2*y - y + 2*y. Let l be (-1 + 2 - 0) + -5. Let c(t) = l*d(t) - w(t). Calculate c(0).
-1
Suppose -3*y - y = -28. Suppose 5*w = y + 3. Let z = w - -4. Let s(a) = a**3 - 7*a**2 + 5*a + 3. Calculate s(z).
-3
Suppose 2*k = 4, 2*k - 6*k - 4 = -3*o. Suppose 0 = -p - o*p + 20. Let l(r) = -1 + 3 + 6*r - 3 - p*r. Give l(1).
1
Let k(h) = h**3 - 6*h**2 + 4. Suppose 0 = -2*s - 4*r - 4, -2*s + r = s - 22. What is k(s)?
4
Let u(h) be the third derivative of -h**5/60 + 5*h**4/24 - h**3/2 + h**2. Let l be (-1)/(2/6) - -6. Give u(l).
3
Let m = -37 + 19. Let u be (2/3)/((-4)/m). Let o(x) = -2*x**3 - 4*x**u + x**3. What is o(-1)?
5
Let z be (-1 - -3) + 1 + 1. Let y(i) be the second derivative of 2*i + 1/6*i**3 + 1/12*i**z - 3*i**2 + 0. Determine y(0).
-6
Let b = -3 - -12. Suppose -2*y + b = -3*j, -5*y + 4*j + 12 = -0*j. Suppose y = -r - 3*r - 16. Let a(h) = h**2 + 6*h + 5. Determine a(r).
-3
Let k = -21 + 18. Suppose 0 = -5*c - 17 + 2, 0 = 3*b + 2*c. Let v(o) = -1 + b*o - o**2 - 2*o - 3*o. Determine v(k).
-1
Let g be 0 + 6/((-6)/(-3)). Let i(c) = g*c - 4*c - 4*c. Give i(2).
-10
Let s(m) = -m**3 + 7*m**2 - 5*m + 1. Suppose 0 = 2*h - 5*v + 13, -3*h + 5*v - 9 + 2 = 0. Calculate s(h).
7
Let t(d) = 3*d + 6. Let k(u) = u**2 - 3*u - 5. Let j(v) = 3*k(v) + 2*t(v). Give j(-2).
15
Let u(g) be the first derivative of -g**4/4 - g**3/3 + g**2/2 + 5*g - 20. Determine u(0).
5
Let m(h) = -h**3 - 2*h**2 + 3*h - 2. Let q(n) = -n - 8. Let f be q(-8). Suppose f = -k + 5*k + 5*p + 13, k = -5*p - 7. Let s be k - 0 - (2 - 1). Determine m(s).
-2
Let q(b) = 0*b - 2*b + 4*b + 3*b**2 + 2 + b. Determine q(-2).
8
Let o(y) = -2*y. Suppose -2*r + 14 = 2. Suppose 16 = 4*f + 2*j, 3*j + 2*j = -2*f + 8. Let t = r - f. Calculate o(t).
-4
Let f(v) = -5*v**3 + 3*v**2 + 12*v - 4. Let s(q) = 4*q**3 - 4*q**2 - 11*q + 3. Let k(g) = 3*f(g) + 4*s(g). Give k(8).
0
Let x(m) be the second derivative of -m**4/12 + m**3/6 + m**2/2 + 91*m + 1. Suppose 0 = -2*q + 2, 3*o - 5*q + 8 = 3. What is x(o)?
1
Let y(b) = -b**3 + b**2 - 7. Let s be 0*(0 - 1/(-2)). Give y(s).
-7
Let p(f) be the second derivative of -1/12*f**4 + 3*f + 3/2*f**2 + 0 + 0*f**3. Give p(3).
-6
Let w(h) = -h**3 + 12*h**2 + 12*h + 3. Let n(v) = -v**3 + 13*v**2 + 13*v + 2. Let r(m) = 5*n(m) - 6*w(m). What is r(8)?
0
Let b(u) = -u**2 - 3*u + 6. Let i(q) be the second derivative of q**4/6 + q**3 - 13*q**2/2 + q. Let l(f) = -9*b(f) - 4*i(f). Determine l(-3).
-2
Let y(z) = z**3 + 5*z**2 + 2. Let n = 55 - 60. Determine y(n).
2
Let w(g) = 3*g - 11. Let f be w(9). Let m(b) = 12*b**2 + 0*b + 0*b - f*b**2 + b. Determine m(1).
-3
Let a(q) = q - 4. Let b = 29 + -33. Give a(b).
-8
Let l(d) = -2 + 2*d**2 + 2*d**2 - 4*d**2 + d**3. Determine l(0).
-2
Let t(x) = -6*x**2 + 3*x + 3. Let z(d) = -5*d**2 + 2*d + 2. Let l(r) = -6*t(r) + 7*z(r). Determine l(4).
-4
Let m = -22 + 23. Let r(x) = -9*x**2. Determine r(m).
-9
Let h(o) = -o**3 - o**2 + o - 1. Let t(j) = 6*j**3 + 8*j**2 - 4*j + 2. Let u(f) = 5*h(f) + t(f). Determine u(-3).
-6
Let k(c) = -2*c - 2. Suppose -4*o = -2*l - 2*l - 32, -4*o = l - 17. Suppose -4*f + 17 = -5*f + 3*h, 0 = -f - o*h + 23. Let u be 4*(-3)/(f + 5). Determine k(u).
6
Let a be 3/3*2*4. Suppose -5*o - a = -4*h, 2*h = 2*o - 0*h + 2. Let t(z) = z - 3. What is t(o)?
-7
Let i(r) = -r - 5. Suppose -5*f = -13 + 43. Determine i(f).
1
Let i(x) = -5*x + 7. Let k(l) = -14*l + 19. Let a(s) = 11*i(s) - 4*k(s). Determine a(-2).
-1
Let h(a) = a + 2. Let g(m) = -m + 3. Let f(i) = -2*i + 5. Let c(w) = -4*f(w) + 7*g(w). Let d(y) = 3*c(y) - h(y). What is d(-4)?
-7
Let d = -2 - -6. Let j(l) = -d*l + l + 1 - 3*l. Give j(-1).
7
Let v(z) = -z**3 - z**2 + z - 6. Suppose -3*g = 5*i - 6, g - 1 = -2*i + 1. Give v(i).
-6
Suppose -3*a = c + 4, -5*a + 4*c + 12 = c. Let w = -4 - -7. Let r(t) = -w + 0*t**2 + 4*t**3 - 3*t**3 - t**2. Calculate r(a).
-3
Let a(h) = -h**3 - 5*h**2 - 4*h - 2. Let v be 4 + (-424)/52 + 2/13. What is a(v)?
-2
Let q be ((-5)/(-15))/(1/12). Let i = 8 - q. Let o(d) = -1 - i*d + 1 - d**2 + 2*d. Give o(-3).
-3
Let b(x) be the first derivative of x**4/4 + x**3 - 5*x**2/2 - 2*x - 3. Suppose -5*a - 20 = -5*i - 3*a, 3*a = -5*i - 5. Suppose 2*y = -i*y - 16. Give b(y).
2
Let s = 10 - 8. Let j(y) = -y**3 - 6*y**2 - 4*y + 7. Let l be j(-5). Let t be l - (-1 - -7)/s. Let r(b) = -2*b**2 + b + 1. Give r(t).
-2
Suppose -15 = -2*g - g. Let w(v) = 8*v + 1. Let m(i) = -7*i - 1. Let b(a) = g*w(a) + 6*m(a). Calculate b(3).
-7
Let s(x) be the first derivative of x**4/4 - 2*x**3/3 - x**2 + 2*x - 251. Let v be -4*-3*2/8. Calculate s(v).
5
